(-2).
7
Let w(m) be the third derivative of m**5/60 + m**4/8 + m**3/6 - 24*m**2 - 1. Calculate w(-4).
5
Let p(y) = -2*y**2 - 31*y - 65. Let v be p(-13). Let r(n) = -n + 0*n - 4*n**3 + 3*n**3. What is r(v)?
0
Let w(r) = -r**3 + r**2 - r + 6. Let p be (-6)/(-8) - 279/(-12). Let l = 22 - p. Let h be -2*l/(-4) - -1. Determine w(h).
6
Let z(b) be the second derivative of 6*b - 1/2*b**3 + 0 + 1/12*b**4 + 1/2*b**2. Suppose 3*v + 4 = 13. Calculate z(v).
1
Let i(d) = -10*d**3 + 7*d + 3. Suppose 3*o - 5*o = 14. Let x(b) = 7*b**3 - 5*b - 2. Let z(y) = o*x(y) - 5*i(y). Let w = 63 - 65. Calculate z(w).
-9
Let w(g) = -g**3 + 10*g**2 - 8*g + 5. Let b be (-9)/2*(21 - 23). What is w(b)?
14
Let a(d) = -d**3 - d**2 - d + 1. Let r(b) = -36*b**2 + 3*b + 1. Let z be r(-1). Let g be (z/8)/((-3)/12). Let w = 17 - g. Determine a(w).
7
Let i(k) = 29*k**2 - 1. Let m be i(1). Suppose 3*u - 5*n = m - 2, 4*n = 2*u - 20. Let t(q) = q**2 - 2*q - 1. Determine t(u).
-1
Let u(p) = p. Let t(d) = -d**2 + 5*d + 1. Let b(m) = -t(m) + 3*u(m). Let j be b(3). Suppose -j*l - 15 = l. Let o(s) = s - 3. Calculate o(l).
-8
Let w = 36 + -36. Suppose 5*f - 2*p + 19 = w, 0*f - p + 2 = -f. Let t(a) = -a**3 - 4*a**2 + 4*a - 6. Determine t(f).
-1
Let l(q) = -q**2 - 6*q - 3. Suppose -49*o = -52*o + 9. Suppose o*y + v + 0*v = -13, 7 = -y - 3*v. Determine l(y).
5
Suppose 4*n - 3 = 3*z + 5, 0 = n + 5*z - 2. Let m(x) = x**2 - 3*x + 1. Let o(f) = 7*f**2 - 18*f + 6. Let v(q) = 6*m(q) - o(q). Calculate v(n).
-4
Let x(i) = i**3 + i**2 - i - 1. Let y(g) = 7*g**2 - 9*g - 2. Let u be y(2). Let k(f) = 9*f. Let l be k(-1). Let v = l + u. Give x(v).
0
Suppose 5*j - 3*j - 6 = -2*a, -3*a - 5*j = -13. Let v(z) = 5*z**3 + 2*z**2 + 2*z - 3. Calculate v(a).
6
Let x = -209 + 209. Let l(o) = -o**2 - o + 36. Give l(x).
36
Let p = 286 + -278. Let f(s) be the first derivative of -1 - p*s - 1/2*s**2. Determine f(0).
-8
Let o be (-2 + 10 + 3)/(1/1). Let z(k) = -k + 17. What is z(o)?
6
Let n(y) be the third derivative of y**6/120 - y**5/30 + y**4/24 + 2*y**2 - 3*y. What is n(1)?
0
Let l(r) be the first derivative of -r**4/4 + 5*r**3/3 - 2*r**2 + 5*r + 456. Calculate l(4).
5
Let d(s) = 13*s. Let b(m) = m - 1. Let c(v) = 6*v - 2. Let a(f) = 2*b(f) - c(f). Let j be (-1 + (-8)/6)*-6. Let u(y) = j*a(y) + 4*d(y). Calculate u(-2).
8
Suppose 0*x + x - 32 = 2*h, 0 = 3*h - 5*x + 41. Let r = h - -25. Let w(c) = -c + 10. Determine w(r).
2
Let i(m) = -2*m - 11. Suppose -5*x - 3*x - 72 = 0. Give i(x).
7
Let w(v) = -v + 2. Let r = -752 + 763. Determine w(r).
-9
Let m(z) = -z**3 - 6*z**2 - 6*z. Suppose -3*k + 2*s - 7 - 4 = 0, -4*k - s = 22. Determine m(k).
5
Let n(t) be the third derivative of -t**5/60 + t**3/3 - 306*t**2. Calculate n(2).
-2
Let t be (-21)/(-4) - (-1)/(-4). Suppose -41 + 16 = -t*q, s + 2*q = 12. Let i(x) = 0*x + 3*x**s + 3 - 5*x**2 + x + x. What is i(3)?
-9
Suppose -41 = 10*u - 1. Let h(q) = 4*q + 1. Let z = -2 + 4. Let s(f) = f. Let p(l) = z*s(l) - h(l). Give p(u).
7
Let b(q) = q**3 - 8*q**2 + 8*q + 7. Let d(c) = 34*c + 211. Let z be d(-6). Give b(z).
14
Let a(f) = 12*f + 1. Let v be (9/(-27))/(2/18). Let y be 2/6 - 17/v. Suppose -3*p - 4*q = 9, 0 = -4*q - 6 - y. Calculate a(p).
13
Let b(y) = -y**3 + 8*y**2 - 4*y + 9. Let l be (-5 + 36/8)*6 - -10. What is b(l)?
30
Suppose 2 = 4*h + 22. Let x be (9 + -4)*(-3)/h. Let k(y) = 3*y - x*y + y - y**2. Give k(4).
-12
Let m(o) be the second derivative of -7/20*o**5 - 1/12*o**4 + 1/6*o**3 + 1/2*o**2 + 0 + 3*o. Give m(-1).
6
Let m(n) = 5 - 1 - 6*n**2 + 38*n + n**3 - 40*n + 2. Give m(6).
-6
Let x(d) = d**3 + 4*d**2 + 2*d + 2. Let c be x(-3). Let i(a) be the third derivative of 1/60*a**c + 0 + 1/6*a**3 + 0*a + 9*a**2 - 1/24*a**4. Give i(-2).
7
Let m(a) = a + 29. Let d be m(-36). Let z(v) = 2 - 4*v + 0 - 1. Let f(q) = -2*q. Let r(k) = d*f(k) + 3*z(k). Calculate r(-5).
-7
Let t(k) = -9*k**2 + 20*k + 2*k**3 + 2*k**3 - 5*k**3 + 288 - 304. Determine t(-11).
6
Suppose -3*j + 3*r + 97 = -8*j, 0 = j + 2*r + 25. Let f(s) = -s - 13. Give f(j).
4
Let f be (2/(-3)*1)/((-10)/435). Suppose -3*z + 0 = 4*r + 1, 5*z - f = r. Let y(d) = d**3 + 4*d**2 - 3*d - 3. Determine y(r).
9
Let i(t) = 2*t - 5. Let x(r) = 2*r - 3. Let v(c) = -5*i(c) + 6*x(c). What is v(-7)?
-7
Let x(n) be the first derivative of -19 + 0*n + 3/2*n**2. Determine x(2).
6
Let p = -9 - -18. Let a(x) = -p*x**2 + 9*x**2 + 2 - x - x**3. What is a(0)?
2
Suppose 6*m - 2 = 10. Let n(i) = -2 + 595*i**m + i**3 + 1 - 600*i**2 + 3*i. Calculate n(3).
-10
Let a be 11/5*(-15*2)/(-6). Let q(m) = m**2 - 8*m - 16. What is q(a)?
17
Let c(p) = -p**2 - 8*p - 9. Let f be c(-5). Let n(u) = -u**2 + 6*u + 8. Determine n(f).
8
Let n(p) = -24*p**2 - p. Let v(w) = 97*w**2 + 3*w + 1. Let o(q) = -4*n(q) - v(q). Let f(x) = -2*x**2 - x - 1. Let k be f(-1). What is o(k)?
-7
Let l(w) = 2*w**2 - 2*w - 3. Let k(b) = b**2 - 1. Let u(r) = -k(r) + l(r). Suppose 10 = 4*x - 2*x. Suppose -t - 28 = 5*d, -15 + 5 = -5*t + x*d. Determine u(t).
13
Let l(g) = -2*g**3 + g**2 + 13*g + 4. Let a be l(-2). Let t(p) = p**3 + p**2 - 3*p - 3. Determine t(a).
-1
Let i(n) = 8*n + 2 - 27*n**3 + 25*n**3 + 4*n**2 - 8*n + 2. Calculate i(3).
-14
Let a(q) = q - 26. Let f(s) = 8*s - 96. Let r be f(12). Determine a(r).
-26
Let i = -7050 + 7046. Let g(b) = 5*b**2 - 4*b + b**3 + 3*b + 3*b. Determine g(i).
8
Let v be 3/(-6)*1*-2. Let y(r) = -38*r + 13*r + 13*r - 1 + 4*r + 11*r. Determine y(v).
2
Suppose 4*z - 3*z = -0*z. Suppose -5*v - 35 + 0 = z. Let k(d) = d**3 + 6*d**2 - 5*d + 5. Give k(v).
-9
Suppose j + 46 = 45. Let t be 0*3/6*1. Let a be (j + t)/((-1)/(-1)). Let n(k) = k. Calculate n(a).
-1
Let t(d) = d**2 - 2*d. Let j(a) = -7*a**2 - 2*a - 1. Let q(l) = -j(l) - 4*t(l). Determine q(-4).
9
Let y(h) be the second derivative of 5*h**3/6 - h**2 - 44*h. What is y(0)?
-2
Suppose -s - 4*f = -13, -2*s - 2*f + 0 + 14 = 0. Suppose s*h + 0*q - 11 = -q, 3 = h + q. Let k(x) = 7*x - 1. Calculate k(h).
13
Let z(i) be the third derivative of -i**5/60 - 13*i**4/24 - 5*i**3/3 + i**2 - 25*i. What is z(-12)?
2
Let y(o) = -21*o**2 - 3*o + 2. Let d(w) = 37*w**2 + 7*w - 4. Let l(i) = -4*d(i) - 7*y(i). Give l(-4).
14
Let u(h) = -2*h + 18. Let t(a) = -2*a + 18. Let f(b) = 2*t(b) - 3*u(b). Give f(12).
6
Let q(c) = -c**3 + 3*c**2 - 2*c + 2. Let r be q(2). Let s(m) = 140*m**2 - 141*m**r + 2*m - 3 + 4. Calculate s(4).
-7
Let v(y) be the second derivative of y**5/20 + y**4/12 + y**3/6 + y**2/2 - 241*y. Determine v(-3).
-20
Suppose -330 = 6*g - 330. Let y(o) be the third derivative of o**6/120 - 4*o**3/3 + 4*o**2. Calculate y(g).
-8
Let q(w) = -108*w - 1 + 29*w - 9*w**2 + 44*w + 35*w. Calculate q(2).
-37
Let h(s) = -s**3 - 2. Suppose -5*d = 4*d. Calculate h(d).
-2
Let g(w) = 17*w - 214. Let v be g(13). Let y(m) = -m**3 + 6*m**2 + 7*m + 8. Give y(v).
8
Let g be (-4)/(-6)*-12 - 7. Let j(n) = -n**3 - 15*n**2 + 4. What is j(g)?
4
Let z = 69 + -61. Suppose -2*h = -3*h - z. Let j(a) = a**3 + 7*a**2 - 7*a - 10. Calculate j(h).
-18
Let y(h) = 27 + h - 16 + h + 5. Let c be y(-8). Suppose -2*a - 10 = 0, q + 4*a + 0 + 19 = c. Let p(t) = -3*t**3 + 1. Determine p(q).
-2
Let h be (-1 + 2)/1 + 5 + -2. Let d be (24/3 - h) + 3. Let s(u) = -u - 7. What is s(d)?
-14
Let w(b) = 2*b - 1. Let o be -2 + (-1 - (-3 - 0)). Suppose 3*t - 2*k - 3 + 1 = 0, 0 = -t - k + 9. Suppose 3*z + 2 + o = -2*u, -t*z - 3*u = 4. Calculate w(z).
3
Suppose -6*o + 0*o = 18. Let c(m) = -4*m**2 + 4*m + 1. Let j(n) = 3*n**2 - 5*n - 1. Let k(x) = o*j(x) - 4*c(x). Give k(-1).
7
Let a(l) be the second derivative of -l**5/20 + 5*l**4/6 + 3*l**3/2 + 12*l**2 - 10*l. Let y be a(11). Let s(m) = -2*m + 2. Determine s(y).
-2
Let b(s) = -7*s**3 + 16*s**2 + 14*s - 25. Let w(v) = 3*v**3 - 8*v**2 - 7*v + 11. Let u(n) = 4*b(n) + 9*w(n). Suppose -19 = 5*p + 16. Determine u(p).
-1
Let z(m) = m**2 + m + 1. Let i(u) be the second derivative of u**5/20 + 11*u**4/12 + u**3/2 - u**2 - 14*u. Let n(p) = i(p) - 5*z(p). Give n(-6).
5
Let x(w) = -9*w**2 - 2*w - 1. Let s(r) = -10*r**3 + r**2. Let i be s(1). Suppose 0 = 5*v - h + 39, -5*h + 2 = -7*h. Let y = i - v. Calculate x(y).
-8
Let h(n) = -2*n - 7. Let m be h(-6). Let z(o) = 1375 + m*o - 1375 - 2*o**2. Determine z(4).
-12
Let t = 85 + -55. Let l = -36 + t. Let m(w) = -w**2 - 6*w - 5. Calculate m(l).
-5
Suppose 7 = -2*v - 3*k - 5, 3*v + 5*k + 18